2) to base 4
-1
What is 155 (base 12) in base 10?
209
What is e5 (base 15) in base 3?
21222
30 (base 7) to base 3
210
Convert -4 (base 14) to base 2.
-100
24 (base 9) to base 11
20
Convert 46 (base 10) to base 5.
141
What is 1101 (base 2) in base 6?
21
What is -4 (base 9) in base 5?
-4
What is -2010 (base 3) in base 15?
-3c
a (base 12) to base 13
a
-53 (base 10) to base 11
-49
-1001 (base 2) to base 11
-9
Convert 63 (base 14) to base 13.
69
Convert -33 (base 5) to base 7.
-24
Convert -3 (base 16) to base 10.
-3
Convert -86 (base 9) to base 14.
-58
What is -20 (base 4) in base 8?
-10
What is -69 (base 14) in base 2?
-1011101
22 (base 6) to base 2
1110
Convert 10 (base 6) to base 13.
6
-13 (base 7) to base 2
-1010
Convert 11d (base 14) to base 7.
436
Convert -5 (base 13) to base 3.
-12
-1201 (base 3) to base 7
-64
What is 3 (base 8) in base 11?
3
What is 8 (base 11) in base 3?
22
1011 (base 2) to base 13
b
Convert 202 (base 10) to base 11.
174
What is -2012 (base 4) in base 11?
-112
10 (base 4) to base 15
4
What is -2 (base 8) in base 16?
-2
-13 (base 13) to base 4
-100
Convert 43 (base 16) to base 2.
1000011
2 (base 7) to base 12
2
Convert 14a (base 11) to base 3.
20111
What is b (base 13) in base 9?
12
What is -2 (base 9) in base 3?
-2
Convert -4 (base 12) to base 16.
-4
Convert 221 (base 3) to base 9.
27
Convert 101 (base 4) to base 11.
16
What is 1133 (base 5) in base 2?
10101000
23 (base 6) to base 15
10
What is -64 (base 12) in base 9?
-84
93 (base 14) to base 10
129
Convert 14 (base 6) to base 3.
101
What is -30 (base 11) in base 5?
-113
-10 (base 2) to base 12
-2
What is 21 (base 5) in base 9?
12
Convert 1100 (base 4) to base 7.
143
-11 (base 2) to base 14
-3
Convert -2 (base 7) to base 10.
-2
What is -1130 (base 5) in base 15?
-b0
Convert 91 (base 11) to base 6.
244
What is 81 (base 10) in base 13?
63
Convert -3 (base 14) to base 16.
-3
Convert -345 (base 9) to base 8.
-434
12 (base 11) to base 4
31
What is -1140 (base 5) in base 7?
-332
What is 6 (base 12) in base 11?
6
ce (base 16) to base 8
316
6 (base 13) to base 7
6
Convert -9b (base 12) to base 4.
-1313
Convert -4 (base 9) to base 14.
-4
Convert -57 (base 16) to base 2.
-1010111
What is -4 (base 15) in base 7?
-4
What is -3 (base 7) in base 2?
-11
-14 (base 11) to base 12
-13
What is -5 (base 15) in base 11?
-5
0 (base 12) to base 7
0
Convert 2 (base 15) to base 8.
2
What is -17 (base 10) in base 7?
-23
1020 (base 3) to base 13
27
Convert 86 (base 10) to base 5.
321
74 (base 14) to base 4
1212
2 (base 15) to base 9
2
Convert -2114 (base 5) to base 12.
-1b8
-102 (base 3) to base 15
-b
0 (base 16) to base 8
0
14 (base 11) to base 13
12
1 (base 8) to base 6
1
-16 (base 12) to base 5
-33
Convert -27 (base 16) to base 10.
-39
What is 124 (base 5) in base 15?
29
What is 1101 (base 3) in base 4?
211
What is -b0 (base 13) in base 6?
-355
What is -13 (base 15) in base 8?
-22
What is -138 (base 9) in base 12?
-98
121 (base 16) to base 10
289
What is 98 (base 15) in base 2?
10001111
What is 4b (base 13) in base 11?
58
What is -22100 (base 3) in base 15?
-100
Convert 2 (base 3) to base 5.
2
Convert -5 (base 11) to base 3.
-12
2b (base 14) to base 8
47
What is -1a (base 14) in base 2?
-11000
Convert -4a (base 13) to base 9.
-68
What is -1 (base 9) in base 12?
-1
What is -165 (base 14) in base 9?
-346
What is -100 (base 2) in base 4?
-10
What is 2 (base 6) in base 5?
2
Convert c (base 14) to base 15.
c
-11 (base 2) to base 6
-3
260 (base 7) to base 3
12012
What is -2 (base 7) in base 14?
-2
Convert -10 (base 14) to base 10.
-14
Convert 331 (base 4) to base 10.
61
What is -6 (base 15) in base 12?
-6
What is 1000 (base 2) in base 13?
8
-1 (base 9) to base 7
-1
0 (base 16) to base 3
0
155 (base 10) to base 3
12202
What is -1 (base 15) in base 3?
-1
1 (base 8) to base 3
1
-44 (base 5) to base 11
-22
-1100 (base 4) to base 6
-212
What is -140 (base 6) in base 15?
-40
Convert a (base 15) to base 6.
14
Convert -21 (base 11) to base 7.
-32
-1 (base 9) to base 16
-1
Convert 554 (base 7) to base 10.
284
Convert 5 (base 16) to base 8.
5
12 (base 4) to base 6
10
Convert 5 (base 10) to base 12.
5
Convert 10 (base 5) to base 12.
5
What is -103 (base 4) in base 11?
-18
Convert 106 (base 13) to base 5.
1200
Convert -12 (base 6) to base 11.
-8
-83 (base 14) to base 8
-163
0 (base 11) to base 12
0
Convert 386 (base 10) to base 6.
1442
-8 (base 13) to base 7
-11
10 (base 3) to base 7
3
Convert 1 (base 8) to base 3.
1
-2111 (base 3) to base 6
-151
What is 112 (base 4) in base 7?
31
Convert -1 (base 2) to base 15.
-1
What is 1 (base 7) in base 4?
1
7 (base 13) to base 3
21
What is 7 (base 8) in base 10?
7
156 (base 9) to base 13
a2
Convert -3 (base 13) to base 15.
-3
What is -40 (base 8) in base 12?
-28
What is 5 (base 6) in base 2?
101
2021 (base 3) to base 2
111101
Convert -74 (base 12) to base 14.
-64
11 (base 8) to base 6
13
Convert 137 (base 15) to base 6.
1141
What is -4 (base 14) in base 9?
-4
1000 (base 4) to base 5
224
What is -10022 (base 3) in base 14?
-65
-5 (base 16) to base 14
-5
-21 (base 3) to base 2
-111
Convert -7 (base 11) to base 10.
-7
Convert 2 (base 7) to base 15.
2
-2 (base 11) to base 10
-2
-1 (base 13) to base 11
-1
Convert b (base 12) to base 5.
21
What is -10 (base 3) in base 13?
-3
What is 4 (base 9) in base 14?
4
Convert -17 (base 12) to base 8.
-23
What is 202 (base 3) in base 10?
20
8 (base 15) to base 8
10
3 (base 15) to base 13
3
-28 (base 16) to base 10
-40
What is -3 (base 11) in base 7?
-3
What is -3 (base 10) in base 12?
-3
1030 (base 4) to base 11
6a
6 (base 16) to base 5
11
12 (base 14) to base 5
31
What is -14 (base 12) in base 16?
-10
-13 (base 8) to base 10
-11
-17 (base 13) to base 8
-24
What is 1001 (base 2) in base 9?
10
Convert -50 (base 7) to base 10.
-35
Convert -44 (base 13) to base 6.
-132
Convert 0 (base 7) to base 16.
0
Convert -23 (base 10) to base 12.
-1b
What is 21 (base 4) in base 9?
10
-48 (base 11) to base 16
-34
What is -2 (base 9) in base 13?
-2
Convert 43 (base 6) to base 16.
1b
2c (base 15) to base 7
60
Convert 7 (base 14) to base 2.
111
What is 26 (base 11) in base 13?
22
Convert 101 (base 3) to base 12.
a
Convert -6 (base 15) to base 7.
-6
2 (base 3) to base 2
10
8 (base 16) to base 11
8
0 (base 2) to base 9
0
Convert -10 (base 13) to base 7.
-16
16 (base 14) to base 15
15
Convert -9c (base 14) to base 12.
-b6
What is 0 (base 2) in base 16?
0
-422 (base 7) to base 8
-324
50 (base 7) to base 10
35
-1 (base 10) to base 15
-1
What is -143 (base 7) in base 4?
-1100
Convert 3 (base 13) to base 7.
3
What is -235 (base 7) in base 13?
-97
Convert -3 (base 5) to base 6.
-3
What is -110 (base 4) in base 15?
-15
-1001 (base 2) to base 16
-9
What is 43 (base 6) in base 3?
1000
What is -8 (base 14) in base 12?
-8
What is -2 (base 8) in base 4?
-2
What is -2102 (base 3) in base 5?
-230
Convert 23 (base 10) to base 3.
212
What is -62 (base 8) in base 4?
-302
Convert -16 (base 13) to base 5.
-34
Convert -2 (base 14) to base 8.
-2
Convert 4 (base 9) to base 3.
11
Convert -5 (base 13) to base 6.
-5
-13 (base 10) to base 14
-d
What is 10 (base 2) in base 13?
2
What is 21 (base 3) in base 2?
111
-47 (base 15) to base 8
-103
Convert -1 (base 9) to base 3.
-1
Convert -423 (base 7) to base 15.
-e3
1 (base 4) to base 9
1
Convert -10 (base 10) to base 5.
-20
What is -3 (base 14) in base 5?
-3
Convert -b (base 13) to base 9.
-12
-10011001 (base 2) to base 8
-231
Convert 0 (base 12) to base 9.
0
Convert 14 (base 12) to base 5.
31
12 (base 7) to base 14
9
-4 (base 11) to base 15
-4
-4 (base 7) to base 2
-100
What is 23 (base 13) in base 9?
32
What is 8 (base 10) in base 4?
20
What is 11 (base 10) in base 13?
b
Convert -15 (base 8) to base 6.
-21
What is 4 (base 5) in base 2?
100
-30 (base 14) to base 16
-2a
Convert 1a (base 12) to base 15.
17
Convert 19 (base 10) to base 9.
21
Convert 7 (base 11) to base 10.
7
What is 70 (base 8) in base 10?
56
Convert -10 (base 13) to base 3.
-111
What is 12 (base 15) in base 10?
17
110111 (base 2) to base 3
2001
Convert 101 (base 9) to base 3.
10001
Convert -92 (base 16) to base 4.
-2102
What is 3 (base 16) in base 7?
3
Convert -43 (base 14) to base 6.
-135
What is -17 (base 15) in base 9?
-24
Convert 13 (base 16) to base 12.
17
2 (base 1